 201. Let r be i(-12). What is a(r)?
4
Let k be 4/6 - 2/(-6). Let h = k + -5. Let y(p) = 10106*p**2 + 13*p - 2. Let z(f) = 18528*f**2 + 25*f - 3. Let x(q) = 11*y(q) - 6*z(q). Give x(h).
-8
Let g(s) = -s. Suppose -167 = -17*h + 54. Suppose -15*k = -h*k - 10. Give g(k).
-5
Suppose 4*x + 154 = k, -5*k + x - 51 + 859 = 0. Suppose -20*o + k = -2*o. Let v(a) = a - 10. Give v(o).
-1
Let o = 1703 - 1705. Let a = 2 + -2. Let b(w) = -1 + a*w + 2 - w + 7*w. Determine b(o).
-11
Let j(s) = -5*s**2 + 27*s - 7. Let q be j(5). Let w(p) = -5 + 4*p**3 + 1 + 472*p**2 + 5*p - 477*p**2 - q*p**3. Let g = 7 + -4. Give w(g).
-7
Let p(g) = -g**2 - g - 3. Let r(n) = n. Let t(u) = p(u) - 3*r(u). Suppose 44 = -12*y + 128. Let m be 0/6 - (-4 + y). Determine t(m).
0
Let u(l) = -l**3 - 9*l**2 - 10*l + 1. Let h = 322 + -216. Suppose h = -14*w + 8. Calculate u(w).
-27
Let z(s) be the second derivative of -1/120*s**6 - 16*s + 1/6*s**3 - 1/12*s**4 + 1/12*s**5 + 8*s**2 + 0. Let b(k) be the first derivative of z(k). What is b(5)?
-9
Let q(x) be the first derivative of 3/2*x**2 - 88 - 2*x - 2/3*x**3 - 1/2*x**4. Calculate q(-3).
25
Let q(n) = n - 2*n**2 + 3*n**2 + 1 + n. Let u(f) be the second derivative of f**5/20 + 3*f**4/4 - 2*f**3 - 21*f**2/2 - 72*f. Let r be u(-10). What is q(r)?
0
Let j(a) = -a**3 + 17*a**2 - 9*a + 143. Let t be j(17). Let w(r) be the first derivative of r**2/2 + 11*r + 1. Give w(t).
1
Let b(n) = -n**3 + n - 1. Let t(d) = 2*d**3 + 7*d**2 + 6*d + 15. Let v(c) = -b(c) - t(c). What is v(-7)?
35
Let n be 9/6 - (12/8 - 1). Let f(q) = 2 - n + 0*q + 54*q - 31*q. Give f(-1).
-22
Let b(p) be the third derivative of 5*p**4/12 + 11*p**3/2 - 820*p**2. Give b(-6).
-27
Let j = 3 - 5. Let k be ((-6)/(-9))/((-537)/270 - j). Let v(s) = 2*s + 112 - 56 - k. Determine v(6).
8
Let o be 19/(-57)*(-14 - -32). Let y(i) = -11*i - 55. Determine y(o).
11
Let j(c) = c**3 - 4*c**2 - 1. Suppose -270*t + 269*t = -13. Suppose 6*o - 11 = t. What is j(o)?
-1
Let w(a) = -a - 20. Let z(c) = 1. Let g(v) = -w(v) - 6*z(v). Let j(b) = -8*b - 108. Let d be j(-9). Let k be ((-2)/((-6)/(-1)))/(d/(-756)). Determine g(k).
7
Let c(m) = -29*m**3 + 31*m**2 - 4*m + 19. Let o(f) = 6*f**3 - 2*f**2 + f. Let z(t) = -c(t) - 5*o(t). What is z(-21)?
2
Suppose -14*c = -26 + 12. Let i be (15 + (-8 - -4))/1. Let y(o) = i + 4*o**2 - 13 + 2. What is y(c)?
4
Let u be (3*(-14)/9)/((-4)/(-6)). Let p = 14 + u. Let x(c) = -2 + 26*c**2 + 3*c - 28*c**2 - p*c + 0. Determine x(-2).
-2
Let y = -5088 + 5095. Let h(s) = -s**3 + 8*s**2 + s - 14. Give h(y).
42
Let k(h) = -11*h**3 + 7*h**2 - 16*h - 4. Let c(p) = -13*p**3 + 9*p**2 - 19*p - 4. Let s(v) = -6*c(v) + 7*k(v). Determine s(5).
6
Let o(r) = -6*r**3 + 24*r**2 + 3*r - 6. Let k(i) = 5*i**3 - 21*i**2 - 2*i + 6. Let v(h) = 7*k(h) + 6*o(h). Calculate v(-2).
-6
Let u(j) = 2*j**2 + 96*j + 189. Let l(g) = -g**2 - 32*g - 66. Let x(w) = 17*l(w) + 6*u(w). What is x(5)?
47
Suppose 17*a - 4*y = 16*a + 30, -4*a = 5*y - 15. Let r(p) = -p**2 + 8*p + 13. What is r(a)?
-7
Let p(d) = -d. Let w(j) = 2 - 56*j + 27*j - j**2 + 28*j. Let i(k) = -2*p(k) + w(k). Let b(h) = -h**3 + 4*h**2 - 3*h + 1. Let l be b(2). What is i(l)?
-4
Let o(c) = 2*c + 3*c - 2*c - 2*c - 1 - c**3. Let x(h) = -h**2 - 1. Let r(z) = 4*z**2 + 8*z + 9. Let i(m) = r(m) + 2*x(m). Let f be i(-3). What is o(f)?
-1
Let a(i) = -i - 6. Let w = 30 - 32. Let l be (-6)/((w/(-6))/((-2)/(-9))). Let t(f) = -2*f - 13. Let p(s) = l*t(s) + 10*a(s). Determine p(-7).
6
Let c(i) = 2*i**2 - 5*i + 2*i**3 + 6 + 7*i**2 + 12*i. Let s = 15966 + -15970. Let k be c(s). Let v(r) = r**3 + 6*r**2 + 3*r + 8. Determine v(k).
-10
Let p(t) = 9*t**2 + 5*t - 1. Let a(y) = 2*y**2. Let k(c) = -4*a(c) + p(c). Calculate k(-10).
49
Suppose -8*i = 22 + 66. Suppose 12*h - 21 = 9*h. Let p = i + h. Let y(l) = -l**2 - 4*l - 4. Calculate y(p).
-4
Let d(a) = -3. Let t(f) = -2*f - 8. Let x be (-4)/22 - 640/352. Let q(i) = x*t(i) + 4*d(i). Calculate q(-4).
-12
Let d(v) = -8984602 + 8984751 - v - 3*v. Give d(36).
5
Let v(u) be the second derivative of 11*u - 4 - 3*u**2 + 4/3*u**3. What is v(4)?
26
Let i(u) be the third derivative of u**6/120 + 7*u**5/30 + 13*u**4/12 + 5*u**3/2 + 299*u**2. Calculate i(-12).
-9
Let q(v) = v - 3. Let u be (4 - 2)*((-4)/(-1) - -6). Suppose 24*x - u*x = 8. Suppose 0 = -x*l + 8 + 2. Calculate q(l).
2
Suppose 20*o - 5*i = 19*o - 15, 0 = -5*o + 3*i - 31. Let q(z) = z**2 + z - 30. Give q(o).
-10
Suppose 0 = h - 3*h + 18. Let w(j) = -j + 470 - 153 - 153 - 156. What is w(h)?
-1
Let z(h) be the third derivative of 5/24*h**4 + 0*h + 1/60*h**5 + 1/3*h**3 - 17*h**2 + 0. Suppose 0 = -y + 4*y + 15. What is z(y)?
2
Let d be 23/((-690)/20) + (-28)/(-6). Suppose 3 = 7*t - d*t. Let x(i) = 3*i + 1. Determine x(t).
4
Let y(h) = 21*h + 2*h**2 - 14 + h**2 + 48 - 2*h**2 - h. Give y(-13).
-57
Let h(x) = 20*x + 28. Let l be h(-1). Let g(w) be the first derivative of -w**3/3 + 6*w**2 - 8*w - 5. Calculate g(l).
24
Let r(t) = t**2 - 5*t + 4 + 0 + 2*t + 0*t. Let h(k) = 9*k**3 + 37*k**2 + 2*k - 12. Let y be h(-4). Calculate r(y).
32
Suppose -3*k + 33 = -3*r, -2 = -5*k + 23. Let i(o) be the first derivative of -9 + 5/2*o**2 + 1/3*o**3 + 2*o. Calculate i(r).
8
Let g(j) be the second derivative of -j**5/4 + j**4/12 + j**3/6 - j**2/2 + 2*j. Let q be 9090/3535 + (-11)/7 + 1. What is g(q)?
-35
Let h(z) = 7*z - 39 + 38 + 4*z - 38. Determine h(3).
-6
Suppose 0 = 2*i - 3*a - 18, 4*i = 7*i - a - 34. Let b be 3/i - 88/(-32). Let p(l) be the second derivative of -l**3/3 + 2*l**2 - 29*l. Calculate p(b).
-2
Let y(j) be the first derivative of -4*j**3/3 - 69*j**2 + 77*j + 10383. What is y(-35)?
7
Let s(d) = d**3 - 22*d**2 - 50*d - 14. Let a = -13581 - -13605. Determine s(a).
-62
Let a = -141 + 139. Let k be 1*a/5*(-25)/10. Let u(n) = -27*n**3 - 2*n**2 + n. Calculate u(k).
-28
Suppose 13*m = 15*m - 126. Let r = -65 + m. Let o(k) = k**2 + 2*k + 2. Let v be o(r). Let n(u) = -u**3 - u + 1. What is n(v)?
-9
Let l(u) = 20 + 28*u + 3 - 8*u**2 + 5*u**2 - u**3 + 31*u**2 + 0*u**3. What is l(29)?
-6
Let v(g) = -3*g + 4. Let s(h) = 4*h + 32. Let t be s(-6). Let f = t - 7. Let d be (f - (-5)/(-2)) + 33/6. Determine v(d).
-8
Suppose -61 = d - 69. Let k be (2 - (-15)/(-12))/(2/d). Let a(q) = 16*q**2 - 3*q + 2*q - 17*q**2. Determine a(k).
-12
Let c(u) = u**3 - 18*u**2 - 7. Suppose -2*t - 3*x - 5 = -50, -4*t + x + 69 = 0. Calculate c(t).
-7
Suppose -146 = -6*v - 80. Let u(s) = v*s + 1 - 3*s - 7*s. Determine u(-5).
-4
Let i(m) be the second derivative of m**4/4 - 31*m**3/6 - 13*m**2 + 201*m. What is i(11)?
-4
Suppose -8*i - 11*i + 133 = 0. Let z(o) = -7*o**3 + 8*o**2 - 15*o - 1. Let f(d) = d**3 + d + 1. Let j(n) = -6*f(n) - z(n). Calculate j(i).
9
Let z(a) = -10*a - 1. Let r be (-1 - (-24)/22) + 12675/2145. What is z(r)?
-61
Suppose -3*t - 7 = 20. Let x(v) be the third derivative of -v**6/120 - 3*v**5/20 + v**4/24 + 2*v**3 + 2167*v**2. Determine x(t).
3
Let w(g) = 2*g**3 + 5*g**2 - 3*g. Let d(h) = 3*h**3 + 7*h**2 - 3*h - 1. Let c(p) = 4*d(p) - 5*w(p). Determine c(-3).
-40
Let y be (0 + -17 - (91 + -98)) + 5. Let x(b) = b**3 + 7*b**2 + 5*b - 9. What is x(y)?
16
Let h be 2 + 4 - (-7 - -4). Suppose 0 = -h*i + 2379 + 3057. Let n(r) = -2*r**2 + 607*r - i*r + 3 + 3*r**2. Determine n(-2).
1
Let z(t) = -5*t - 6*t - 1027 + 17*t + 1055. Give z(-8).
-20
Let j(q) = 2*q**3 - q**2 + 5*q - 3. Suppose -2*m - 40 = 11*w, 0 = -9*m + 11*m - 2*w - 12. What is j(m)?
19
Let v(b) = -b**3 + b**2 + b - 11. Suppose -13 = 2*p - 9. Let d be (-1)/p*(5 + (-3 - 2)). Calculate v(d).
-11
Suppose 0*b - 12 = -4*b - 3*k, 4*b + k - 12 = 0. Let g(d) = -183*d**3 - 181*d**3 + 1 + 408*d**b. Calculate g(1).
45
Let i be (-185)/(-20) + 35/(-28) + -3. Let p(u) = 5*u**3 - u**2 - 6*u + 4. Let c(r) = -4*r**3 + 2*r**2 + 6*r - 3. Let q(b) = 4*c(b) + 3*p(b). Give q(i).
30
Let u = -23 + 24. Let x(c) = -100 + 297 + 30*c - 102 - 95. What is x(u)?
30
Let t(z) = -z - 12. Let a = -1988 + 1976. Calculate t(a).
0
Let c(l) = 2*l - 1. Suppose -6*n + 8*n = -2*i - 368, -3*n - 5*i = 562. Let r = 182 + n. Determine c(r).
5
Let p(w) = w**2 + 8*w - 12. Suppose 27 = 18*c + 154 + 53. Give p(c).
8
Let l(f) be the second derivative of -1/3*f**3 - 1/2*f**2 + 0 - 3/4*f**4 + 46*f. Give l(-1).
-8
Let t(o) = -3*o + 0*o**2 + 7 - o**2 - 7*o. Let n(q) = 2*q**2 - 73*q - 380. Let w be n(